+ (-6 - 0)).
7
What is the value of 9 + -3 - (3 + -2)?
5
2 + -1 + (-12 - -12 - 3)
-2
(-2 + -1 - (45 + -53)) + -12
-7
Calculate 10 + -11 + 5 + -10.
-6
Evaluate -2 + 5 + (5 - 7 - 3).
-2
-1 + 8 + -13 + 6
0
0 + -3 + (0 - -1)
-2
-2 + 8 + (12 - 18)
0
-1 + (6 - (5 - (1 - 8)))
-7
What is the value of 14 + -11 + 1 + 1?
5
0 - (-7 - (-4 - 5))
-2
Calculate 4 - (4 - (-3 - (-4 - 0))).
1
What is the value of 0 + (1 - 0) - (-96 - -99)?
-2
What is -212 + 216 + 3 + -1?
6
What is the value of 3 + (4 - 3) + -1?
3
Calculate 17 + -10 + -12 - -12.
7
Calculate 3 - (8 + 0) - 0.
-5
-2 - (-1 + 1 + -4 - 3)
5
Evaluate (-3 - 0 - -4) + -5.
-4
What is 4 + -14 + 12 + 5?
7
What is the value of (-7 - (-9 + 6)) + 4 + 2?
2
What is the value of -5 - (-6 - -2) - 3?
-4
3 + 9 + (-11 + 0 - -5)
6
What is (0 - 0 - (-3 - -3)) + 3?
3
Evaluate 4 - -3 - (4 - (-2 + 1)).
2
Calculate 0 + -1 - (-8 + 4).
3
What is the value of -2 + 10 + -3 + -5?
0
What is the value of (6 - 1) + -1 - (9 + 1)?
-6
0 - ((1 - (3 - 4)) + -6)
4
Calculate 8 - (2 - (-2 + 0)).
4
Evaluate 1 - (-1 + -3 + 1 + 3).
1
What is the value of 16 - 6 - 7 - 0?
3
Calculate 18 - (-2 - (-6 + 3 + -6)).
11
(-3 - 0) + (-1 - -1)
-3
What is the value of 8 + -14 - (4 + -7)?
-3
(-4 - (-4 + -3)) + -11
-8
What is the value of (-1 - (-4 + 6) - 1) + 9?
5
What is the value of 1 + 2 + -10 - -1?
-6
3 + (-3 - 7) + 12
5
What is 19 + -22 + (-2 - -4 - 0)?
-1
Calculate -2 + (16 - (-7 + 12)).
9
Calculate 7 + -1 + -6 + -1 + 1.
0
0 - (1 + -5) - (4 + -3)
3
-1 - 5 - (1 + 3 + -6)
-4
What is -2 - (7 + -2 + -3)?
-4
(-1 - -3) + 3 - 2 - 3
0
Evaluate (1 - 4 - -4) + 0.
1
What is -4 - (-4 + -6 - -7)?
-1
Evaluate 5 + -2 - (0 + 2 + 2).
-1
-1 + 3 + (4 - 4)
2
What is the value of 2 - (-5 - -1) - (2 + 5)?
-1
What is (-2 - (2 - 0)) + (4 - 1)?
-1
What is -15 - (-5 - 1) - -1?
-8
What is 6 + -12 + (2 - 6 - -5)?
-5
What is the value of 3 - (9 + 3 + -9 + 1)?
-1
What is the value of (1 - (2 + -1) - -2) + -3?
-1
Calculate 10 + (-12 - -6) - (7 - 1).
-2
Calculate -4 + -4 - ((2 - 1) + -5).
-4
Calculate 0 + (4 - -1) + -3.
2
4 + -10 + 0 + 17
11
Evaluate (13 - 23) + 3 + -1.
-8
Calculate -3 + (-1 - -4 - (6 + 0)).
-6
What is the value of (1 - -1) + (-2 - (-7 + 5))?
2
Evaluate -4 - -5 - (13 + -5).
-7
Evaluate (-1 - (-3 + 5)) + -1.
-4
(6 - 6) + -1 - 4
-5
What is the value of -1 + 0 + 8 + -8?
-1
What is 5 + (-1 - (6 - 4))?
2
(8 + -32 - -12) + 13
1
(-7 - 1) + 0 - -4
-4
Evaluate 0 - ((-3 - -6) + 4 + -2).
-5
Calculate -10 - (-2 - (-6 - -10)).
-4
Evaluate -3 - (5 - (4 + -1)).
-5
Evaluate 11 + -2 + -7 + (5 - 5).
2
-3 + (-2 + 6 - 1)
0
What is -2 - (-3 + (8 - 3))?
-4
What is (5 - (6 + 6)) + -1?
-8
What is the value of 8 - ((9 - -6) + -1)?
-6
Calculate 0 + -4 + 8 + -1.
3
Calculate (4 - (4 - (-4 + 3))) + 4.
3
Evaluate 0 + 3 + (-5 - -5).
3
Evaluate 1 + 1 + 0 + -2.
0
10 - 2 - (29 - 21)
0
What is 2 - (-7 + 4 + -4 + 4)?
5
What is the value of 3 - (3 + (-3 - (-5 + 5)))?
3
-5 + 6 + 16 + -14
3
(-6 - -5) + 6 + -2 + 1
4
Evaluate -7 + -6 + 18 - 0.
5
What is (-126 - -141) + -10 + 0?
5
What is (-1 + 5 - 0) + -5?
-1
-2 + 16 + 1 + -6 + -3
6
What is the value of (-9 + 11 - -9) + -2?
9
-1 + (4 - 2) + -7 + 7
1
Evaluate 1 + (-1 - 4) - 1.
-5
What is 17 + -8 - (0 + 2)?
7
What is the value of -2 - ((5 - 5 - 1) + -1)?
0
Evaluate 5 + (-7 - (1 - -4 - -2)).
-9
What is the value of -1 - (-2 + -1) - -3?
5
What is 2 + 1 + (2 - 4) - 4?
-3
2 + 3 + -6 + 3 + -6
-4
What is 3 + 2 + (6 - (-3 + 6))?
8
What is (-9 - -4) + 3 - -1?
-1
What is the value of 6 + (9 - 12) + -1?
2
Calculate -8 + -2 + 3 - (-15 + 17).
-9
Evaluate -1 - -4 - (2 - 4).
5
Evaluate (2 - (-2 + 2)) + -158 + 152.
-4
What is -14 + 37 - 25 - (1 - 9)?
6
Evaluate -9 - (0 - 1 - 6).
-2
-1 + 5 + 0 + (12 - 19)
-3
16 + -15 + 9 + (-1 - 1)
8
Evaluate 5 + -3 - (17 - 14).
-1
Evaluate 11 + (-9 - 12) - -12.
2
1 + 1 - ((-5 - 2) + 8)
1
What is -2 + (-1 - 0) - 0?
-3
What is (14 - 16) + (-2 - -7)?
3
Calculate -1 + 1 + (4 - 2) - 0.
2
Evaluate -5 + 1 - (-2 + -1).
-1
Evaluate 3 + -1 + -8 + -4 + 13.
3
Calculate 1 - (-6 - (-5 - -3)).
5
Evaluate (1 - 1) + 0 + 4.
4
5 + -1 + -7 + 1
-2
Evaluate -2 + 13 + 1 + -4 + -2.
6
What is 4 + -11 - (-1 - 3) - 1?
-4
Calculate -1 + 3 - 5 - (4 + -3).
-4
Evaluate -1 - -9 - (0 - 4 - -8).
4
What is 2 - (-7 + (-4 - -18 - 4))?
-1
Evaluate 5 + -8 + 4 + 3.
4
What is 8 + -2 + (4 - (2 - -3))?
5
3 + 2 - (3 + 6)
-4
Calculate -3 - (-3 + 1 - (8 + -5)).
2
16 + 1 + -8 - 1
8
Calculate -1 + 3 - (-5 + 11 + 0).
-4
What is -6 + 2 + (3 - 2)?
-3
What is -1 + (3 - 4) + -4?
-6
Evaluate (-1 - 8 - -7) + 4.
2
Calculate (-1 + -1 - 0) + 7 + 3.
8
-7 - (3 + (7 - 2 - 12))
-3
Evaluate (-4 - 6) + 9 + (-2 - 0).
-3
1 + -17 + -4 + 13
-7
Evaluate 2 + (-8 - 1 - -4).
-3
Calculate 1 - -2 - (30 + -26).
-1
-4 + -1 - (-3 - (-2 - 1))
-5
What is 3 + (2 - 4) + (0 - 3)?
-2
What is the value of 0 + (2 - (-1 + 1) - -3)?
5
What is the value of 10 + (-3 - (-7 + 8))?
6
Calculate (2 - 4) + -2 - (0 + -2).
-2
What is the value of (-1 - (0 - 0)) + 78 + -74?
3
What is the value of -34 + 24 + (2 - -3)?
-5
-6 + 2 - ((0 - 1) + -2)
-1
What is (-5 + 9 + -4 - -5) + -10?
-5
-3 - (10 + -17 + -1)
5
What is the value of -2 + -1 + 3 - -3 - -1?
4
Evaluate -1 + 9 + -2 + 29 + -41.
-6
What is the value of -5 - ((6 - 4) + -5) - -3?
1
1 - 0 - -3 - 0
4
Evaluate 5 - ((-6 - 4) + 22).
-7
(4 - 1) + -14 + 7
-4
What is 0 + (1 - 3) + 5 + -4?
-1
What is 15 + -18 - (5 - 3)?
-5
What is the value of -7 - -6 - -1 - (2 - -2)?
-4
What is (11 - 5) + -11 - -7?
2
What is the value of -14 + 2 + (13 - 8)?
-7
What is the value of 2 + -8 - (-8 + (2 - 6))?
6
Calculate -13 - -17 - (2 - -1).
1
What is 2 - (2 + (4 - 3) + 0)?
-1
Calculate -12 - (-1 - (4 - -3)).
-4
What is -3 - (2 + -11) - 3?
3
What is the value of 30 + -12 + -14 + 1 + 2?
7
What is (-1 - 0) + -1 - (-17 + 12)?
3
Calculate (18 - 18) + (3 - -1).
4
What is (5 - (-11 + 15)) + -4?
-3
-1 + (-2 - (3 + (-4 - 2)))
0
What is the value of (5 + -1 - (22 - 28)) + -4?
6
(0 + 0 - -1) + 7 + -5
3
4 + -4 + (2 - 2)
0
What is -6 + 5 + (-6 - -4) + 9?
6
Calculate -38 + 30 + (2 - 0).
-6
1 + -1 + 5 + 0
5
What is the value of -1 + (-2 - -2) + -2?
-3
-3 - (-4 - -8 - 4)
-3
Evaluate -7 + 16 - (5 - (3 + -2)).
5
3 + (3 - 6 - 3)
-3
Calculate (2 - (1 - -2)) + (-10 - -8).
-3
What is the value of (1 - (-6 + -1)) + (-2 - -1)?
7
What is the value of 0 - (-4 + (13 - 8))?
-1
Evaluate 17 + (-15 - -4) - 8.
-2
Calculate -2 + 6 + -2 + 7 + -11.
-2
What is the value of (4 - 0) + -6 - 3?
-5
What is the value of 5 - (1 - (-2 - 1)) - 0?
1
2 + (-4 + 3 + -2 - -7)
6
Evaluate 3 - ((-3 - -5) + 1 + 0).
0
What is the value of -3 - (5 + -3 - 13)?
8
0 + 3 + (145 - 143)
5
What is 16 + -1 + -7 + -7?
1
What is the value of -1 + 6 - (-1 - (-1 + -1))?
4
Evaluate (5 - 9) + (4 - -2 - 0).
2
What is -9 + (4 - 3) - -7?
-1
What is the value of 1 - (2 + (1 - 1))?
-1
What is (-1 - 0) + -2 + (-13 - -10)?
-6
Evaluate 12 + (0 - 6) + 1.
7
Evaluate -5 + -1 + -2 + 2 + 5.
-1
Calculate (3 + -8 - -3) + 27 + -29.
-4
What is -3 + -5 + (-1 - -5) + 6?
2
What is -4 + 4 + -1 + -2?
-3
What is the value of 1 - 3 - (-1 + -8 + 7)?
0
What is the value of (0 - -11) + (-10 - -3)?
4
0 - (-5 + 8 + -4) - -3
4
Evaluate 0 + (-3 + 5 - (-2 - 1)).
5
5 - 3 - 7 - -4
-1
What is (-14 - -5) + (4 - 3)?
-8
Evaluate -19 - (-1 + 12 + -19).
-11
(2 - 12) + -1 - -8
-3
What is -8 + 14 - (-10 + 11)?
5
(-1 - 3 - 1) + 5 + 5
5
Evaluate -5 + 3 + 4 + 0 + 0.
2
-6 + 7 + -2 - -6 - 3
2
What is the value of -6 - (-3 + -8) - (-2 - -2)?
5
Evaluate 163 + -157 - (-3 + (-1 - -2)).
8
Evaluate (-6 - -7) + 0 - -6.
7
5 - (6 - 2 - 4)
5
2 + (-3 - 1) - -9 - 4
3
Evaluate 2 + -13 + (-12 - -23).
0
What is the value of -6 - ((1 - 6) + 7 - 8)?
0
-2 - (-2 + -1 - -1) - 5
-5
Evaluate 1 - 5 - (3 + -2).
-5
0 - (9 - (1 + (1 - -4)))
-3
(14 - -1) + (21 - 30)
6
Calculate 3 + -4 + (-3 - -7).
3
Calculate 0 - (0 - 6 - -4 - 1).
3
What is 0 + 5 - (9 + -24 + 16)?
4
Evaluate (-2 - 0) + -3 - (0 - 2).
-3
0 + (3 - ((5 - -5) + -1))
-6
Evaluate (-1 + 1 - -7) + (-26 - -18).
-1
Evaluate -5 + (2 - 4) + -3 + 4.
-6
Calculate 0 - (-10 - (-2 - 8)).
0
Evaluate (-3 + 3 - 3) + 0 + 0.
-3
5 - (2 + 5 + -4)
2
What is 0 - 1 - -1 - 1?
-1
1 + 16 - 17 - (-2 + 12)
-10
Evaluate (-22 - -25 - (-2 + 2)) + 1.
4
Calculate -3 + (-1 - (-1 + -6)) + 2.
5
Evaluate 4 + (-6 - 0) + -2.
-4
What is 7 + 3 - 1 - 11?
-2
What is (-3 - 2) + 4 + 7?
6
What is 3 + -10 - (10 + (-13 - -6))?
-10
